
851110 (base 9) to base 5
112143031
80aa (base 16) to base 7
165013
Convert 179e9 (base 16) to base 13.
3505c
-1120121102222 (base 3) to base 8
-3146021
What is 256a7 (base 11) in base 5?
2134110
20c04 (base 15) to base 7
612034
4303010 (base 5) to base 3
10200010010
What is -4653264 (base 8) in base 7?
-13525662
Convert 44a860 (base 13) to base 14.
303596
-9b404 (base 15) to base 12
-1b981a
What is 5262 (base 16) in base 6?
241350
What is 560a8 (base 16) in base 15?
6e64e
1761756 (base 8) to base 2
1111110001111101110
What is -183303 (base 11) in base 6?
-10020014
Convert -1117503 (base 13) to base 16.
-50000a
5441663 (base 8) to base 11
907296
2423721 (base 8) to base 9
1223863
Convert 16453716 (base 8) to base 15.
507d96
What is -117066 (base 12) in base 16?
-44c8e
What is 31114134 (base 5) in base 12?
1031b2
Convert -15056343 (base 7) to base 10.
-1426029
Convert 2100122012002 (base 3) to base 7.
13434530
449731 (base 10) to base 13
129919
-3761655 (base 8) to base 7
-11564635
Convert 34286 (base 9) to base 10.
22839
-11110011111101001001 (base 2) to base 8
-3637511
What is -4146d (base 14) in base 6?
-3212105
What is -10022202011022 (base 3) in base 6?
-101510055
Convert -21203301 (base 4) to base 16.
-98f1
Convert 12c37a (base 13) to base 5.
104033022
Convert 849c6 (base 13) to base 3.
110010210100
Convert -50501030 (base 6) to base 11.
-8a2a95
What is 10001011000101110101 (base 2) in base 4?
2023011311
Convert 33356 (base 13) to base 11.
63841
Convert bb194 (base 13) to base 3.
122012111210
-309635 (base 13) to base 4
-10111001312
Convert 631417 (base 11) to base 4.
3313011132
What is -37ae7 (base 15) in base 10?
-177967
-12212101111201 (base 3) to base 13
-852025
What is -25515420 (base 6) in base 3?
-1120101210210
What is 10131212013 (base 4) in base 10?
1169799
Convert 100100001100100010 (base 2) to base 11.
a1430
Convert 122200101100 (base 3) to base 7.
2646420
-1946312 (base 10) to base 8
-7331310
What is -3233310323 (base 4) in base 11?
-611049
What is -3202213 (base 4) in base 2?
-11100010100111
-2839113 (base 10) to base 13
-785364
Convert -20830 (base 12) to base 15.
-c990
-213113322 (base 5) to base 15
-12eb77
13430140041 (base 5) to base 3
1012210102001202
What is 2aa5b (base 13) in base 3?
11002220202
-302012331 (base 4) to base 8
-620675
23101344 (base 7) to base 12
813556
What is 2a21a8 (base 16) in base 6?
135103000
7605da (base 15) to base 8
25341741
7367 (base 14) to base 6
232023
-165033 (base 9) to base 8
-307312
What is 110222002101 (base 3) in base 7?
2112031
1130330212 (base 4) to base 12
16439a
What is 24e58b (base 16) in base 8?
11162613
What is -101000001001001 (base 2) in base 4?
-11001021
What is 37a2 (base 12) in base 10?
6314
Convert 3323010 (base 5) to base 3.
2221101201
-83a47b (base 12) to base 11
-119491a
333b3 (base 12) to base 6
1242343
What is -1111000001010100000100 (base 2) in base 14?
-746d6c
What is 227163 (base 11) in base 13?
c835b
What is 8551ac (base 13) in base 4?
23322303131
What is 2434420201 (base 5) in base 15?
792651
Convert -1d911d (base 14) to base 13.
-2b25bc
-175236 (base 9) to base 4
-122210100
Convert 12111012020122 (base 3) to base 10.
2916908
What is 2221220012 (base 3) in base 5?
3330434
What is 112002022020201 (base 3) in base 13?
172122a
What is -b5570 (base 12) in base 15?
-4a5b0
What is -1072823 (base 12) in base 3?
-12220022110200
Convert 5057312 (base 10) to base 7.
60662231
Convert 1b250d (base 16) to base 14.
344445
What is -55518 (base 15) in base 13?
-96557
389d59 (base 14) to base 11
1110721
Convert 2427637 (base 8) to base 16.
a2f9f
-4014202 (base 6) to base 3
-100121001202
Convert -32101200312 (base 4) to base 2.
-1110010001100000110110
c2c96d (base 15) to base 2
100011010011110110111010
8d11c3 (base 14) to base 15
64db0b
9c311 (base 16) to base 2
10011100001100010001
What is -80ae3 (base 15) in base 16?
-637a7
Convert -137b9e (base 16) to base 8.
-4675636
Convert 5753214 (base 9) to base 7.
35253364
-185b85 (base 14) to base 15
-12024a
What is 155053 (base 8) in base 7?
321555
What is -4201a (base 13) in base 5?
-12244121
Convert -14775526 (base 9) to base 2.
-11100000111110100101101
1010011111010010011 (base 2) to base 10
343699
Convert 4322232 (base 5) to base 12.
36602
Convert 113040264 (base 7) to base 14.
ccd26b
Convert -18014335 (base 9) to base 8.
-42400431
Convert 14c3b (base 16) to base 15.
1a301
What is -170486 (base 13) in base 16?
-8ba66
Convert 3886c (base 15) to base 13.
6438c
Convert 14151463 (base 7) to base 6.
44211251
1a7190 (base 11) to base 13
b1396
What is 200112111101 (base 3) in base 11?
22a142
Convert 20151534 (base 8) to base 7.
51053020
What is 500891 (base 10) in base 9?
843075
What is 402024203 (base 5) in base 10?
1595553
What is 168784 (base 10) in base 14?
45720
What is -4352d3 (base 14) in base 2?
-1000101100110110001001
-11002101303 (base 4) to base 10
-1320051
25324135 (base 6) to base 8
3101433
What is 411023033 (base 6) in base 3?
111021002110210
1101220021020 (base 3) to base 13
2016c9
Convert -202222020020 (base 3) to base 6.
-12503010
Convert -155972 (base 12) to base 13.
-c9023
What is -24d7cb (base 14) in base 7?
-13523344
What is 200420216 (base 7) in base 5?
10432223433
What is -5170104 (base 11) in base 7?
-140350126
What is -21240302 (base 5) in base 11?
-113845
Convert 101101000101110100 (base 2) to base 13.
660b1
4a94b (base 13) to base 12
678b2
Convert 21120112121 (base 3) to base 6.
3110154
What is 4432020 (base 5) in base 3?
10220210212
What is 324233 (base 7) in base 4?
31312031
Convert 1152534030 (base 6) to base 4.
302231212002
Convert 10013133332 (base 4) to base 6.
35044422
What is -3315223 (base 7) in base 8?
-1434057
Convert 221111120 (base 3) to base 7.
105126
Convert -10001100111000111110010 (base 2) to base 3.
-22200112220112
What is 20122002020 (base 3) in base 15?
28a36
What is 1023320010 (base 4) in base 5?
34421123
Convert 232321331 (base 4) to base 12.
93225
What is 222210202210 (base 3) in base 15?
a6503
7420 (base 13) to base 7
64612
-857641 (base 9) to base 15
-a154d
What is 1a6d30 (base 14) in base 8?
3455756
2452880 (base 11) to base 16
411139
What is 21d9c (base 14) in base 4?
110011112
Convert -1211011212 (base 3) to base 2.
-1000110000001100
Convert -183ca4 (base 13) to base 11.
-386223
Convert 100000010101110101 (base 2) to base 7.
1061131
Convert 361463 (base 7) to base 11.
45165
26dc2 (base 16) to base 6
3224522
Convert -117444 (base 12) to base 14.
-74c3a
-53644460 (base 7) to base 10
-4582718
Convert 1939a38 (base 12) to base 4.
110033012030
Convert 5505402 (base 6) to base 11.
177443
-96b0a7 (base 12) to base 13
-6558a9
What is -1c5105 (base 13) in base 15?
-e4d09
What is -3048c (base 15) in base 5?
-14343112
What is 57872 (base 14) in base 2?
110011111111011100
Convert 12102012000 (base 3) to base 9.
172160
-2452220 (base 6) to base 5
-13201122
Convert 62777436 (base 8) to base 14.
1ac01b0
What is -30068a (base 12) in base 13?
-2022b5
-2c716 (base 16) to base 6
-3522434
Convert 18ba2a (base 12) to base 11.
277a79
Convert -4a16b5 (base 15) to base 2.
-1101100010010111100101
-536723 (base 10) to base 7
-4363535
What is 85235 (base 13) in base 16?
3a8ef
What is 122211320030 (base 4) in base 14?
cd65ac
Convert -33190a3 (base 11) to base 14.
-ab8929
100100022202111 (base 3) to base 13
104b777
Convert 2230104 (base 7) to base 15.
56c63
What is 205c15 (base 13) in base 11?
476785
Convert 110110010110010101010 (base 2) to base 11.
1007026
What is 23423a (base 12) in base 16?
8a74e
What is -1214212423 (base 5) in base 15?
-3bdee3
What is 1514124 (base 6) in base 10?
87748
Convert 582744 (base 9) to base 12.
14a51a
What is -2044501 (base 7) in base 12?
-ba7b4
1265165 (base 10) to base 16
134e0d
5a847a (base 14) to base 13
845335
What is 127476 (base 8) in base 15?
d45c
-52c53 (base 16) to base 15
-6a6bc
Convert 45b5d7 (base 14) to base 12.
966321
-12202211112100 (base 3) to base 9
-5684470
What is -2a432 (base 13) in base 6?
-1413253
-54753 (base 11) to base 5
-10020214
11345023 (base 7) to base 12
4044b1
What is -55110051 (base 6) in base 4?
-12100321033
What is -11100011101110111 (base 2) in base 15?
-24834
Convert -6a8b66 (base 12) to base 14.
-32943c
-52551 (base 11) to base 5
-4422103
